- 17*t + 0*t**2. Let u be c(6). What is the greatest common factor of 190 and u?
19
Suppose 446*h + 444 = 448*h. Calculate the highest common divisor of h and 18.
6
Let n(x) = 10*x + 6. Let j be n(5). Suppose -14 = -5*z + j. Let y be 2/7 + 38/z. Calculate the highest common divisor of y and 2.
1
Let h = 109 + -21. Let o = h - 61. What is the greatest common divisor of o and 3?
3
Let n(s) = s**2 + 8*s + 4. Let h be (1 - (-6)/(-3))*8. Let a be n(h). Calculate the greatest common factor of 44 and a.
4
Suppose 2*z + 354 = 2*y, -2*y - 12*z + 11*z + 369 = 0. What is the highest common divisor of y and 13?
13
Let x(y) be the first derivative of y**2 + 43*y + 3. Let p be x(-18). Calculate the greatest common divisor of 7 and p.
7
Let n(h) = -9*h - 130. Let v be n(-15). Suppose x = 5*c + 22, -v*c + 1 = 2*x - 13. Let r = 28 + -20. What is the greatest common divisor of x and r?
4
Let l(d) = -d**3 - d**2 + 9*d + 4. Let p be l(-3). Let j be 20 + -1 + -4 + p. Suppose -5*i - 2 + 52 = 0. What is the highest common divisor of i and j?
10
Let h be 11/4 - 9/12. Let s(i) = 3*i**3 - 2*i**2 - 2. Let v be s(h). Let p(j) = j + 21. Let r be p(0). Calculate the highest common factor of r and v.
7
Let o(f) = f**3 - 3*f**2 + 4*f + 5. Let a = 10 - 15. Let x = a + 10. Let c be o(x). What is the greatest common divisor of c and 15?
15
Let k = -2506 - -2811. Calculate the greatest common factor of k and 183.
61
Let v = -108 - -107. Let d be 2 + (-2)/v - 715/(-5). What is the highest common factor of d and 49?
49
Suppose 9*y = 4*y - 135. Let z be (-6)/(-12) - y/2. What is the highest common factor of 35 and z?
7
Suppose 160 = 6*u - u. Suppose 0*m + 4*m = -u. Let b(s) = s**3 + 8*s**2 - 2*s. Let a be b(m). Calculate the greatest common divisor of 112 and a.
16
Let i(k) = -2*k - 26. Let y(l) = -l - 1. Let u(f) = -2*i(f) + 6*y(f). Let s be u(0). What is the highest common divisor of 69 and s?
23
Suppose 138*a - 300 = 132*a. Calculate the greatest common factor of a and 30.
10
Let k(x) = -x**2 + x + 2. Let g = 21 - 23. Let b be 0/(2*(-3 - g)). Let i be k(b). Calculate the greatest common divisor of 6 and i.
2
Suppose -4*q - 5*l + 145 = -q, -q - l + 49 = 0. Calculate the greatest common divisor of q and 40.
10
Let g(i) = 32*i**3 + i**2 + 19*i - 20. Let t be g(1). What is the greatest common factor of t and 992?
32
Let m(x) be the second derivative of -x**5/20 - x**4/6 - 11*x**3/6 - 5*x**2 + 14*x. Let d be m(-5). Calculate the greatest common factor of 10 and d.
10
Let c be 109 + 41 + -3 + 0. What is the highest common factor of 378 and c?
21
Suppose 279 - 99 = -3*v. Let u be -24*(-1)/((-16)/v). Let k(d) = 17*d + 2. Let z be k(2). Calculate the greatest common factor of z and u.
18
Suppose 3*m + 4*a - 32 = 0, -4*m = 5*a - 37 - 5. Calculate the highest common divisor of 56 and m.
8
Let s = 107 - 73. What is the highest common divisor of s and 17?
17
Suppose 157 + 267 = 4*c. What is the highest common factor of 2 and c?
2
Let v = 184 - 44. Suppose -5*u - i = -v, -4*u + 3*i = -71 - 22. Calculate the greatest common divisor of 3 and u.
3
Suppose 6*c - 180 = c - 5*b, 72 = 2*c + 3*b. Calculate the highest common factor of c and 162.
18
Let v be (4 + -3)*2 + 5. Suppose 3*o = v*o + 60. Let m be (0 - 33/o)*5. Calculate the highest common divisor of m and 22.
11
Let h be 3/(-2) - 82/4. Let o = h + 23. Let d(y) = 13*y**3 + y**2 - 1. Let n be d(o). What is the greatest common factor of 91 and n?
13
Let r = -81 - -180. Let j(g) = -g**3 + 14*g**2 + g - 5. Let q be j(14). Calculate the greatest common divisor of r and q.
9
Let k = -1 + 14. Let i be (k/(-26))/((-1)/14). Suppose -2*f + 5*j + 38 = 0, -f - 44 = -4*f + j. What is the highest common divisor of i and f?
7
Let g = -235 - -261. What is the greatest common divisor of g and 39?
13
Suppose 0 = -4*r + 12, -i + 25 = -r + 4. Calculate the greatest common divisor of i and 228.
12
Suppose -5*l = -2*l - 90. Let a be (l/45)/((-2)/(-3)). What is the greatest common factor of a and 1?
1
Suppose -6*n + 935 = -n. Let m be (2 + -1)*22/11. Suppose 5*f + 4*l - 85 = 0, -4*f + 4*l = -m*f - 34. Calculate the greatest common divisor of f and n.
17
Let d = -183 - -289. What is the highest common divisor of 53 and d?
53
Let h(o) = -o**3 - 12*o**2 + 109*o + 37. Let p be h(-18). What is the greatest common divisor of p and 950?
19
Suppose 4581 = -71*p + 22473. Calculate the highest common factor of p and 189.
63
Let i be (-23886)/(-126) - (0 - 6/14). Suppose 20 = 6*n - i. Calculate the highest common factor of 14 and n.
7
Let s(q) be the third derivative of -q**4/24 + 13*q**3/6 + 9*q**2. Let b be s(-13). Calculate the highest common divisor of b and 130.
26
Let o(c) = -c**3 - 6*c**2 - 2*c + 6. Let t be o(-6). Calculate the highest common factor of t and 42.
6
Let j be (-96)/(-21) - 21/(-49) - -1. Let l(q) = -25*q - 1. Let y be l(-4). Suppose 0 = j*w - y - 231. What is the greatest common factor of w and 22?
11
Let i(m) = -m**3 + 9*m**2 + 26*m - 20. Let j be i(10). What is the highest common factor of j and 56?
28
Let w(r) = 2*r**2 - 6*r + 4. Let g be w(-3). Let b be (-8)/g - 182/(-10). Calculate the greatest common divisor of 198 and b.
18
Let r be (11/(-3))/((-12)/36). Calculate the greatest common divisor of r and 77.
11
Let p be (-2)/4*14/7 + 16. Let j(h) = -2*h**2 + 35*h - 8. Let t be j(17). What is the highest common factor of t and p?
3
Suppose 2*k = -6 + 14. Suppose -4*p = 3 + 1, 110 = k*f + 2*p. What is the highest common factor of f and 7?
7
Let b(v) = v - 1. Let c be b(-9). Let u be -1 - (-2 - c/2). Let a = 17 - u. Calculate the highest common divisor of 7 and a.
7
Let o = -37 - -61. Let j = o + -20. Suppose 2*i - 6 = j. What is the highest common factor of 5 and i?
5
Let f(b) be the first derivative of b**4/4 + 14*b**3/3 + 5*b**2 + 13*b - 39. Let r be f(-13). Let u = 12 + 1. Calculate the highest common factor of r and u.
13
Let q(s) = s**3 + 20*s**2 + 22*s - 52. Let r be q(-18). Calculate the highest common factor of 25 and r.
25
Suppose -3*r = r. Suppose -v = -16 - r. Suppose 4*p = 3*c + 433, 4*p - c = -3*c + 458. Calculate the greatest common divisor of v and p.
16
Let j = 32 - 14. Let k be 8/((-6)/3) - (-21 + -1). Calculate the greatest common factor of j and k.
18
Let f = -3472 - -3570. Suppose 168 = -0*x + 4*x. What is the highest common factor of x and f?
14
Let k = 2649 - 829. What is the greatest common divisor of 20 and k?
20
Suppose 0*m + m = 3*n + 6, -13 = -3*m + 4*n. Suppose -m*q + q = -40. Suppose v + v = q. Calculate the highest common factor of v and 90.
10
Suppose -936 + 309 = -3*s - 3*k, -5*k = -s + 209. What is the greatest common factor of s and 11?
11
Suppose 4*n = 30 + 6. Suppose 0 = 2*r - n - 45. Calculate the greatest common divisor of 18 and r.
9
Let q be 2 - 1*8/(-4). Suppose 4*y - 3*y + b - 4 = 0, -q*b - 16 = 0. Calculate the greatest common divisor of 24 and y.
8
Let g(l) = 59*l**2 + 3*l + 10. Let p be g(-2). What is the greatest common divisor of p and 30?
30
Suppose 168 = 4*w - 3*q, -q = -w + 3*q + 55. Let o = 7 + -4. Let s be 1 + (o - 7) + 16. Calculate the highest common divisor of w and s.
13
Let v(x) = 3*x**2 - 6*x + 3. Let w be v(6). Let a(b) = 6 + 4 + 9 - 3*b. Let q be a(-2). What is the greatest common divisor of w and q?
25
Let u(q) = 3*q**2 + 6*q - 5. Let p(n) = n**3 - 3*n - 3. Let z be p(-2). Let g be u(z). Let c = 44 + -34. What is the highest common factor of g and c?
10
Let u(j) be the first derivative of -2 + 7*j**3 + j**2 + j + 9*j**3 - j**3. Let b be u(-1). What is the highest common factor of b and 66?
22
Let k = -3783 - -3825. Suppose -m = m - 84. What is the greatest common factor of k and m?
42
Suppose 8*m = m + 420. Suppose -2*r - 4 = -3*r, -s + 2*r = -7. What is the highest common factor of m and s?
15
Suppose 4*u + 12 = u. Let h be 18*(-2)/(u - 8/(-3)). Calculate the greatest common factor of 18 and h.
9
Let v = -163 + -5. Let x be (-5)/(10/(-4)) - v. Calculate the greatest common factor of x and 10.
10
Let k(m) = -5*m - 7. Let a(n) = -6*n - 6. Let x(y) = -5*a(y) + 4*k(y). Let c = -1 - -3. Let h be x(c). Calculate the highest common factor of h and 22.
22
Let k = 207 + 135. Calculate the greatest common factor of 38 and k.
38
Let d = 15 - -185. Let p be -18*2*(-124)/56 + 98/343. What is the high